Let w = 7585 - 4606. What is the hundreds digit of w?
9
What is the tens digit of (1964/6)/(24/108)?
7
Let q(a) = 60*a**2 + 33*a - 49. What is the tens digit of q(2)?
5
What is the tens digit of (-10600)/(-22) + (1 - 36/44)?
8
Let g be 6 + 3 + 0 + -1. Let o = 5 - g. Let k(b) = -4*b - 7. What is the units digit of k(o)?
5
Let x = -3073 + 4365. What is the hundreds digit of x?
2
Let p be (-12)/8 + (-18)/(-4). Let w be (-32)/16 + 1 + 1*11. Suppose -w*y + 336 = -p*y. What is the tens digit of y?
4
Suppose 0*k = -4*t - 2*k + 676, 4*t - 4*k = 664. Suppose -h - 3*h - 2*r + t = 0, 0 = h - 2*r - 32. What is the units digit of h?
0
Suppose -17*o = 105 - 6633. What is the tens digit of o?
8
Let q(r) = -3*r**3 + 1. Let y be q(-1). Let u = y + -1. Suppose 5*f - 115 = 5*x, -u*f + 78 - 17 = -5*x. What is the tens digit of f?
2
Let o = -33 - -41. What is the tens digit of 148/o + (-1)/2?
1
Suppose -2*g - 968 = -4*o + 362, -1315 = -4*o + 5*g. Suppose o = 4*m + m. What is the units digit of m?
7
Let f be (21/(-14))/((-3)/62). Let o = f - 27. What is the units digit of (-5)/((-5)/o) - -56?
0
What is the thousands digit of (-1)/(-3) + 571058/111?
5
Let h be 3 - -3*10/15. Suppose 86 = 2*j + 4*i, -h*j + j + 3*i + 128 = 0. What is the tens digit of j?
3
Let q(i) = 9*i**3 + 16*i**2 - 19*i - 17. What is the tens digit of q(6)?
8
Suppose 17564 - 1332 = 8*w. What is the thousands digit of w?
2
Suppose 17*j = 15*j - 332. Let i = 311 + j. What is the tens digit of i?
4
Let f = -175 - -46. Let n = -64 - f. What is the units digit of n?
5
Let j(x) = x**2 - 10*x - 3. Let q be (-2)/((-4)/(-20)*-2). Suppose q*u + 0 = -20. What is the tens digit of j(u)?
5
Let x(k) = k**3 - 39*k**2 - 50*k + 81. What is the units digit of x(41)?
3
Let x be 132 + -1*0/2. Let w be (-90)/(-14) - (-24)/(-56). What is the units digit of (x/18)/(1/w)?
4
Suppose 57*g = 16*g + 169781. What is the tens digit of g?
4
Suppose -74*n + 67*n + 7756 = 0. What is the tens digit of n?
0
Let d = -15 + -1. Let k = d - -19. What is the units digit of 802/12 + k/18?
7
Suppose 2*y = 2 + 50. Let d(m) = 12*m - 44. Let z be d(3). Let k = z + y. What is the units digit of k?
8
Let j be -2*50/4 - 3. Let t = j - -30. Suppose 0 = -t*u - u + 93. What is the units digit of u?
1
What is the tens digit of ((-5985)/(-30) + -9)/((-1)/(-10))?
0
Let m be 104/(-78) - 320/(-6). Suppose 2*f - 86 = m. What is the tens digit of f?
6
What is the thousands digit of -1590*((-9)/63 - (-50)/(-42))?
2
Let s be 3/4 + 130/40. Suppose -2*v + 0*v - 384 = -3*w, -535 = -s*w - 5*v. What is the units digit of w?
0
Let k(z) = z**3 - 30*z**2 + 18*z + 3. What is the units digit of k(30)?
3
Suppose 5*a - 454 = 131. Suppose -u + 0*u + a = 3*h, 5*u = 0. What is the units digit of 357/h + (-4)/26?
9
Let z = 866 - 469. What is the hundreds digit of z?
3
Let w(z) = -59*z + 8. Let m be w(-2). Suppose -2*h + 5*f - 4*f + 274 = 0, -h - 5*f = -m. What is the hundreds digit of h?
1
Suppose -11*x + 80 = -15*x. Let m be 4*(-15)/x + -35. Let p = -13 - m. What is the tens digit of p?
1
Let y(m) = m - 10. Let o be y(12). Suppose o*j - 37 - 3 = 0. What is the tens digit of j?
2
Let f be 1/4 + 7/((-28)/25). Let u(w) = 2*w**2 + 7*w - 2. What is the tens digit of u(f)?
2
What is the tens digit of -5*29945/(-30) - 14/(-84)?
9
Let f(l) = 231*l - 137. What is the units digit of f(4)?
7
Suppose 3*j + 72 = 6*j. Suppose -5*b - 3*g = -j, -3*b + 4*g + g = 6. What is the tens digit of b + -5 + (66 - 1)?
6
Suppose -4*i + 5*i = 5*u - 195, -2*u = 5*i - 78. Suppose -u = 2*m - 135. What is the tens digit of m?
4
What is the thousands digit of (-66)/264 + (-2015)/4*-3?
1
Let z = 572 + 851. What is the units digit of z?
3
Suppose 0 = -15*v + 13*v + 106. What is the units digit of v?
3
Let q(x) = x - 6. Let g be q(6). Let w be (g - (4 - 1)) + 8. Suppose d = -2, -4*o + 7 = 4*d - w. What is the units digit of o?
5
Suppose -186 = -5*r - 2*o - 11, 0 = 5*o + 25. What is the tens digit of r?
3
Let i be (6/8)/(1/(-140)). Let q = i - -179. Let y = q - 53. What is the tens digit of y?
2
Suppose 0 = 3*c + 2*r - 1, 3*c + c + 4*r - 4 = 0. Let x be (-186)/(-18) + c/3. What is the units digit of x/(-4)*(-68)/5?
4
Let t(q) = 2*q + 15. Let i(x) be the second derivative of -x**3/6 - 7*x**2/2 + 4*x. Let n(r) = -7*i(r) - 4*t(r). What is the units digit of n(-12)?
1
Let t(q) = 3*q + 44. Let o be t(-14). Suppose -4*y + 24 = 4*n, -o*n - 4*y = -3*y - 11. What is the units digit of n?
5
Let o(g) = -2*g - 1. Let x be o(-2). Suppose 5*w = x*p + 373, 0*w - 5*p - 365 = -5*w. What is the tens digit of w?
7
What is the hundreds digit of 201 - (4/26 + (-15)/13)?
2
Let z = 118 - 14. Let r = -4 - -7. Suppose z = r*g + g. What is the units digit of g?
6
Let z be (-40 + -26)*(1 - (-6)/(-4)). Suppose 3*q - l - 119 = 4*l, 5*l = -q + z. What is the tens digit of q?
3
Let u be 1*39/(-6)*6. Let k = u + 71. What is the tens digit of k?
3
Let h(p) be the first derivative of 2*p**2 + 15*p + 11. Let m be h(-9). What is the tens digit of 0 - (-1)/1 - m?
2
Let z(u) = -u**2 - 5*u - 4. Let n be z(-3). Let d(c) = 8*c**2 - 2*c. What is the units digit of d(n)?
8
Let y = -5924 - -9643. What is the tens digit of y?
1
Let p = 63 + -60. Suppose 0*u + 402 = 3*u + 4*z, 681 = 5*u + p*z. What is the tens digit of u?
3
Suppose k = -0*k + 3. Suppose 121 = 4*y + 3*q - 99, k*q - 275 = -5*y. Let b = y - 38. What is the units digit of b?
7
Let o(q) = -q**3 + 10*q**2 - 2*q + 12. Let u be o(10). Let g(y) = 2*y + 19. Let c be g(u). Suppose 265 = c*j + 2*j. What is the tens digit of j?
5
Let f(q) = 14*q**3 + 4*q**2 + 3*q + 3. Let c(u) = -u**2 + u. Let l(h) = c(h) + f(h). Let y be l(-2). Let a = -53 - y. What is the units digit of a?
2
Let n = -139 + 81. Let k = 32 - n. Suppose k = b + 4*b. What is the units digit of b?
8
Let o(k) = 407*k**3 + 3*k - 1. What is the hundreds digit of o(1)?
4
Let i be 7*(-3)/(-105)*5. What is the units digit of ((-10)/6)/(i/(-76 - -1))?
5
Let x = -27 + 32. Suppose 0 = 4*d + 8, -x*d = -5*s - 2*d + 866. What is the units digit of s?
2
Suppose -13*b + b = 0. Suppose b = -8*u + 230 + 10. What is the tens digit of u?
3
Suppose 21 - 165 = -4*f. Let j be (174/319)/((-4)/(-22)). Suppose q + a - f = 0, 5*a - 104 = -0*q - j*q. What is the units digit of q?
8
Let b(j) = -7*j - 17. Suppose 3*a + 4*k = 61, -3*a + a - 2*k + 40 = 0. Suppose -a + 54 = -7*h. What is the tens digit of b(h)?
1
Suppose 4*m + 3*b - 2708 = 0, 39*b - 38*b - 676 = -m. What is the tens digit of m?
8
Let j(v) = -v**3 - 13*v**2 + 30*v - 3. Let s be j(-15). Let x(a) = 6*a**2 - 3*a - 7. What is the units digit of x(s)?
6
Suppose 0 = -38*d + 17*d + 81669. What is the tens digit of d?
8
Let s be (-201 - 2) + (0 - -2). Let r = s + 286. Suppose -3*g = -5*m - r, -3*m = -2*g + g + 31. What is the tens digit of g?
2
Let t(j) = -3*j + 20. Let v be t(6). Suppose -3*s + 3 = 0, 281 = 5*f + v*s - s. What is the units digit of f?
6
Suppose 5*l = 4 - 39. Let r = 13 + l. Suppose 6 = h + 3*t, -t - 2 = -3*h + r. What is the units digit of h?
3
Suppose -3*l + 5*u = -3059, 0 = 2*l + 6*u - 2*u - 2054. What is the thousands digit of l?
1
Let p = -20 - -11. Let o be (-3 - 4) + 4 - p. Suppose -o = -4*y - 22, 0 = 4*r + 4*y. What is the units digit of r?
4
Suppose 0 = 2*b - 136 - 32. Suppose 62 = 2*y - b. What is the tens digit of y?
7
Let f = 4 - 1. Let i = f - -17. Suppose -23*l + i*l = -75. What is the tens digit of l?
2
Suppose -4*w + 6*w = 0, 5*w = -5*h. Suppose -p + 12 = 2*y - h*y, 5*y - 16 = p. Suppose -5*r + 99 = z + 3*z, p*r = z - 30. What is the tens digit of z?
2
Let y = 5 + 26. Let w = -5 + y. What is the tens digit of w?
2
Suppose -6*q - 3339 = -5*a - 10*q, q - 2002 = -3*a. What is the units digit of a?
7
What is the units digit of ((-242431)/(-63) - 8) + 3/(-27)?
0
Let w be (-4 + -4)*(-1)/2. Let q = 21 - w. What is the tens digit of q?
1
Suppose -4*o - 13 = -3*a, 2*a - 6*a - 2*o = -10. Let c be (0 - (-2 + 2)) + a. What is the units digit of -1 - (-99)/c - 2?
0
Suppose 0 = -5*g - 5*b + 145, 52 = 3*g - 2*b - 2*b. Suppose 5*p + 21 = -3*i + 2*p, 2*p = -i - 11. Let h = i + g. What is the tens digit of h?
2
What is the units digit of (7 - 106)/(1 - 2)?
9
Let r = -878 + 1030. What is the tens digit of r?
5
Let x(k) be the second derivative of -2*k**3/3 + 19*k**2/2 - 3*k. What is the te